 7. Suppose 3*m + 2 = -5*k, -2*m = 2*k - 1 + 5. What are the prime factors of ((-1)/k)/(v/(-296))?
37
Suppose 77*o + 5*k = 75*o + 3439, 3430 = 2*o - 4*k. What are the prime factors of o?
17, 101
Let a(z) = -3*z**2 + 4*z. Let n(r) = -1. Let o(c) = -a(c) + 6*n(c). List the prime factors of o(-4).
2, 29
Let o be 1/((1/4)/(63/28)). What are the prime factors of (69/(-2))/(o/(-24))?
2, 23
Suppose 0 = -11*c - c + 8772. What are the prime factors of c?
17, 43
Let f(w) be the first derivative of 1/3*w**3 - 10*w - 2*w**2 + 5. What are the prime factors of f(10)?
2, 5
List the prime factors of 4*(-16868)/(-16) + -9.
2, 263
Let n(g) = -3*g - 3. Let o(u) = -u. Let t(z) = 3*n(z) + 6*o(z). List the prime factors of t(-3).
2, 3
Let p = -36 + 45. What are the prime factors of p?
3
Suppose -17*k = -18*k - 2*d + 3328, 0 = -3*k + d + 10012. What are the prime factors of k?
2, 3, 139
Let x be 8*(-1 - (-12)/8). Suppose p = -p + x. Suppose 4*m = p*m + 84. List the prime factors of m.
2, 3, 7
Suppose 0 = 7*l - 4*l + 9. Let s = 35 + -9. What are the prime factors of -18 + s - (l + -1)?
2, 3
What are the prime factors of -1 - (-794 + 0/11)?
13, 61
Suppose -19*m + 4*m = 75. What are the prime factors of -3 + (-5 - m) + 224?
13, 17
Let z = 4 + -3. Suppose -4*y + 559 = -k - 0*k, 5*y + 3*k - 703 = 0. What are the prime factors of (y/(-42))/(z/(-6))?
2, 5
Let k = 36 + -36. Suppose 0 = -11*l + 7*l - 2*b + 340, 5*l + 5*b - 425 = k. List the prime factors of l.
5, 17
Let f(b) = b**3 + 29*b**2 - 50*b - 94. List the prime factors of f(-29).
2, 3, 113
Let x(h) = -4*h**2 + 32*h + 11. Let v be x(8). What are the prime factors of (-3)/((-6)/(-37))*(-15 + v)?
2, 37
Let j(p) = 2*p**2. Let c be j(-1). Suppose -4*d + k + 93 = 14, 0 = -2*d + c*k + 38. List the prime factors of d.
2, 5
Let x(q) = -q**3 + 7*q**2 - 7*q + 10. Let v be x(5). Let f = 18 + v. List the prime factors of f.
43
Let s be (435/9)/((-2)/6) + -3. Let t = -34 - s. What are the prime factors of t?
2, 3, 19
Suppose z + 10 = 9. What are the prime factors of -98*(-1)/4*(3 + z)?
7
Let f(z) = -4*z. Let r be f(1). Let j be r/30 + 522/(-135). Let k(p) = 4*p**2 - 7. What are the prime factors of k(j)?
3, 19
Let v = -10 + 22. Let k be (v/(-8))/(6/(-8)). Suppose -2 = 2*s + t - 55, -k*s - 3*t = -55. List the prime factors of s.
2, 13
Let y be 1/2*(3 - -7). Suppose -5*k + 18 = -n + y*n, 3*n = 2*k + 25. Suppose -4*a + 181 = n*p - 2*p, -5*a = p - 221. What are the prime factors of a?
2, 11
Let o = -408 - -448. List the prime factors of o.
2, 5
Let m be (-237)/27 + 2/(-9). List the prime factors of 3/m + (-382)/(-6)*2.
127
Let b(n) = -n**3 + 3*n - 1. Let h be b(2). Let g be (-4)/h*12/8. Let u(r) = 5*r**3 - 4*r**2 + r + 4. What are the prime factors of u(g)?
2, 3, 5
Suppose 0 = -8*r + 2400 + 4992. List the prime factors of r.
2, 3, 7, 11
Let k = 0 - -3. Let g(a) = a**3 + 5*a**2 - a - 4. List the prime factors of g(k).
5, 13
Let l be (-4 - (-334)/4)/((-1)/2). Let g = -85 - l. What are the prime factors of g?
2, 37
Let x(u) be the first derivative of u**4/4 - 3*u**2/2 + 4*u + 2. Let s be x(2). Let a(b) = 2*b**2 - 7*b + 6. List the prime factors of a(s).
2, 3
Suppose -1647 + 187 = 4*t. Let w = -135 - t. List the prime factors of w.
2, 5, 23
Suppose q = -2*v - 38, -5*q + 3*q - 3*v - 75 = 0. Let b = q + 39. What are the prime factors of b?
3
Suppose -5*f = -2 - 8. Suppose -f*j - j = -324. What are the prime factors of j?
2, 3
Let b(i) = -i**3 - 5*i**2 + 7*i - 8. What are the prime factors of b(-9)?
11, 23
Suppose 415 - 80 = 5*m. Suppose 0 = -3*f - 2*s + 187, 3*s - m = -2*f + f. What are the prime factors of f?
61
Let j(d) = d**3 + 18*d**2 - 9*d + 27. Let r(m) = -m**3 - 19*m**2 + 9*m - 27. Let x(z) = -7*j(z) - 6*r(z). What are the prime factors of x(-13)?
5
Let l = 170 + -73. Suppose -l*y + 1776 = -91*y. What are the prime factors of y?
2, 37
Let l = 594 + -581. What are the prime factors of l?
13
Let s = -45 + 70. Let o(g) = 20*g + s*g + 65 - 67. List the prime factors of o(1).
43
List the prime factors of 1 + (-3)/(12/(-416)) - 5.
2, 5
Let j = -33 - -27. Let s(x) = x**2 + 5*x. List the prime factors of s(j).
2, 3
Let p(s) = s + 10. Let m be p(-8). Suppose -2 = 2*k, k - 1 = -m*x - 4. Let u = 1 - x. List the prime factors of u.
2
What are the prime factors of 122*(-20)/(-16) + (-5)/(-10)?
3, 17
Let r be -5 - -7 - 4*2. Let c be (r/(-5))/(1/290). List the prime factors of (-1)/5 + c/15.
23
Let o(b) = -171*b**2 - 16*b + 1. Let y(r) = 34*r**2 + 3*r. Let u(i) = 2*o(i) + 11*y(i). Suppose 0 = -9*j + 4 - 13. List the prime factors of u(j).
3, 11
Suppose b + 12 = -b. Let l(j) = 2*j**2 + 2. List the prime factors of l(b).
2, 37
Let f = 1014 + -591. What are the prime factors of f?
3, 47
Suppose 11*s - 212 = -168. What are the prime factors of s?
2
Let w = -28 + 17. Let m = w - -23. Suppose 6 = -2*n + m. What are the prime factors of n?
3
Let z(w) = -w**2 + 38*w + 22. What are the prime factors of z(11)?
11, 29
Let v = 1096 + -568. What are the prime factors of v?
2, 3, 11
Let t(b) be the first derivative of -6*b**2 - 7*b - 2. Let d(j) = -25*j - 14. Let h(l) = 6*d(l) - 13*t(l). What are the prime factors of h(5)?
37
What are the prime factors of 385 - (6/(-12) + 9/(-6))?
3, 43
Let y(w) = w**3 + 11*w**2 + 5*w - 37. Let k be y(-9). Suppose -4*h = 2*o - 562, -h - 3*o + 58 + k = 0. What are the prime factors of h?
3, 47
Suppose c + 453 - 161 = x, -3*c - 12 = 0. List the prime factors of x.
2, 3
Let u be 6*((-16)/(-12) + -1). Suppose 0 = -u*r + 3 + 5. Suppose r*v + 26 = 162. What are the prime factors of v?
2, 17
List the prime factors of (-4)/26 - 46296/(-104).
5, 89
Let l be (-6)/16 + (-207)/24. Let z be 1066/(-18) - 2/l. List the prime factors of (z*2/2)/(-1).
59
Let f(p) = -p**3 + 10*p**2 + 6*p + 14. List the prime factors of f(9).
149
Suppose -30*p + 23*p + 6468 = 0. Suppose 20*s = 13*s + p. What are the prime factors of s?
2, 3, 11
Let l(h) = 5*h + 6. Let o(q) = -10*q - 11. Let f(v) = -11*l(v) - 6*o(v). Let j be f(6). Suppose m + j = 4*m. List the prime factors of m.
2, 5
Let b(a) be the second derivative of a**3/6 + 7*a**2 - 4*a. Let u(c) = -2*c - 15. Let r(o) = 3*b(o) + 2*u(o). What are the prime factors of r(5)?
7
Let t = -30 - -184. Suppose -5*p + t = -346. List the prime factors of p.
2, 5
List the prime factors of 2/2 + (791 - 55/(-11)).
797
Let t(a) = 4*a**2 - 2*a + 1. Let j be t(1). Suppose 5*v - b - 13 = 0, 6*v + 4*b = j*v - 6. Suppose 0 = v*o - 30 - 26. What are the prime factors of o?
2, 7
Suppose 0 = 15*i - 2586 - 189. List the prime factors of i.
5, 37
Let a(g) = -4*g**3 - 5*g**2 + g + 2. Let j(m) = 3*m**3 + 5*m**2 - 1. Let q(v) = -2*a(v) - 3*j(v). Let d be q(4). What are the prime factors of -2*d/6 + -1?
2, 5
Let i = -95 + 98. Let t = -1 - 0. What are the prime factors of t + 1 + 52 - i?
7
Let s = 5418 - 2444. List the prime factors of s.
2, 1487
Let b(w) = -2*w**3 - 2*w**2 + 2*w + 2. Let t be b(-2). Let i be 21 - (-9)/t*-2. List the prime factors of ((-42)/(-9))/(4/i).
3, 7
Let d = 16 + -4. List the prime factors of d - (-1 - (-4 - -4)).
13
Suppose m = 3*u - m - 968, 1615 = 5*u - 5*m. Let g = -49 + 45. List the prime factors of u/4*g/(-7).
2, 23
Let c(t) = 2*t - 2. Let j be c(3). Suppose -3*f - 12 = 0, 3*f + j = -2*o - 0. Suppose 2*n = -o*y + 60, 40 + 14 = 2*y - 5*n. List the prime factors of y.
17
Let h(g) = -3*g**2 - 35*g - 8. List the prime factors of h(-7).
2, 3, 5
Suppose -2*i + 5 = -7*i. Let c(k) = -124*k**3 - k**2 + k + 1. Let p be c(i). Suppose -p = -3*v - 3. List the prime factors of v.
2, 5
Suppose 4*j - 41 = -2*f - 13, 5*j - 29 = -f. Suppose 0 = 3*y - 3*m - 9, -j*m + 0*m = 15. Suppose 0 = 5*r - y*r - 255. What are the prime factors of r?
3, 17
Let q(p) = 17*p + 8. Let f(y) = 16*y + 7. Let t(l) = -3*f(l) + 2*q(l). Let h be 2 + (1 + 7)/(-2). List the prime factors of t(h).
23
Let v(s) = -2*s**3 + 2*s**2 - 8*s - 4. Let n be v(-5). Suppose -4*x + 0*x + c = 12, 4*c - 24 = 4*x. List the prime factors of (x/(-4))/(4/n).
2, 3, 7
Suppose 3*o = -8 - 1. Let h(y) = -6*y - 2. Let w be h(o). What are the prime factors of 124/w + 6/(-8)?
7
What are the prime factors of (-4)/(-10)*5 - (1 - 205)?
2, 103
Let q = 14 + -9. Suppose -y - q*j = -2*y + 84, 2*y + j = 179. List the prime factors of y.
89
Let h = -125 + 199. List the prime factors